 remainder when 3021 is divided by 72.
69
Calculate the remainder when 123 is divided by 4.
3
What is the remainder when 383 is divided by 48?
47
What is the remainder when 515 is divided by 37?
34
Calculate the remainder when 95 is divided by 12.
11
Calculate the remainder when 141 is divided by 9.
6
Calculate the remainder when 1289 is divided by 89.
43
What is the remainder when 3115 is divided by 11?
2
What is the remainder when 3718 is divided by 61?
58
Calculate the remainder when 63 is divided by 50.
13
Calculate the remainder when 314 is divided by 40.
34
Calculate the remainder when 390 is divided by 66.
60
What is the remainder when 525 is divided by 91?
70
Calculate the remainder when 278 is divided by 40.
38
What is the remainder when 203 is divided by 45?
23
Calculate the remainder when 229 is divided by 56.
5
Calculate the remainder when 1019 is divided by 32.
27
What is the remainder when 130 is divided by 15?
10
Calculate the remainder when 40 is divided by 6.
4
Calculate the remainder when 202 is divided by 38.
12
Calculate the remainder when 54 is divided by 54.
0
Calculate the remainder when 308 is divided by 26.
22
Calculate the remainder when 985 is divided by 26.
23
What is the remainder when 110 is divided by 31?
17
What is the remainder when 1473 is divided by 254?
203
What is the remainder when 102 is divided by 32?
6
Calculate the remainder when 78 is divided by 9.
6
Calculate the remainder when 156 is divided by 29.
11
Calculate the remainder when 2412 is divided by 15.
12
Calculate the remainder when 311 is divided by 113.
85
Calculate the remainder when 82 is divided by 22.
16
Calculate the remainder when 415 is divided by 8.
7
What is the remainder when 446 is divided by 50?
46
What is the remainder when 332 is divided by 6?
2
Calculate the remainder when 108 is divided by 99.
9
Calculate the remainder when 674 is divided by 224.
2
Calculate the remainder when 5607 is divided by 117.
108
Calculate the remainder when 224 is divided by 74.
2
Calculate the remainder when 236 is divided by 127.
109
Calculate the remainder when 3733 is divided by 8.
5
Calculate the remainder when 21 is divided by 6.
3
Calculate the remainder when 126 is divided by 41.
3
What is the remainder when 163 is divided by 88?
75
Calculate the remainder when 372 is divided by 5.
2
Calculate the remainder when 134 is divided by 34.
32
Calculate the remainder when 1279 is divided by 211.
13
What is the remainder when 180 is divided by 72?
36
Calculate the remainder when 51568 is divided by 27.
25
Calculate the remainder when 1086 is divided by 33.
30
Calculate the remainder when 1930 is divided by 92.
90
Calculate the remainder when 3645 is divided by 83.
76
What is the remainder when 760 is divided by 32?
24
Calculate the remainder when 112 is divided by 23.
20
Calculate the remainder when 190 is divided by 18.
10
Calculate the remainder when 2658 is divided by 70.
68
What is the remainder when 83 is divided by 36?
11
What is the remainder when 8431 is divided by 114?
109
Calculate the remainder when 2152 is divided by 537.
4
Calculate the remainder when 560 is divided by 95.
85
What is the remainder when 832 is divided by 277?
1
What is the remainder when 776 is divided by 9?
2
Calculate the remainder when 122 is divided by 22.
12
Calculate the remainder when 153 is divided by 56.
41
Calculate the remainder when 1849 is divided by 263.
8
Calculate the remainder when 667 is divided by 220.
7
What is the remainder when 19461 is divided by 74?
73
What is the remainder when 247 is divided by 141?
106
Calculate the remainder when 76 is divided by 42.
34
Calculate the remainder when 840 is divided by 103.
16
What is the remainder when 395 is divided by 12?
11
Calculate the remainder when 2339 is divided by 470.
459
Calculate the remainder when 566 is divided by 136.
22
Calculate the remainder when 96 is divided by 35.
26
What is the remainder when 213 is divided by 31?
27
Calculate the remainder when 90 is divided by 6.
0
What is the remainder when 11517 is divided by 30?
27
Calculate the remainder when 39 is divided by 3.
0
What is the remainder when 1402 is divided by 22?
16
Calculate the remainder when 713 is divided by 297.
119
Calculate the remainder when 9032 is divided by 36.
32
Calculate the remainder when 46 is divided by 6.
4
What is the remainder when 7572 is divided by 1261?
6
Calculate the remainder when 647 is divided by 41.
32
What is the remainder when 115 is divided by 65?
50
What is the remainder when 86 is divided by 61?
25
Calculate the remainder when 439 is divided by 17.
14
What is the remainder when 242 is divided by 49?
46
What is the remainder when 116 is divided by 34?
14
Calculate the remainder when 91 is divided by 11.
3
What is the remainder when 1178 is divided by 331?
185
Calculate the remainder when 390 is divided by 105.
75
What is the remainder when 156 is divided by 53?
50
Calculate the remainder when 200 is divided by 66.
2
What is the remainder when 413 is divided by 10?
3
What is the remainder when 155 is divided by 144?
11
What is the remainder when 21 is divided by 12?
9
Calculate the remainder when 1798 is divided by 296.
22
What is the remainder when 110 is divided by 14?
12
Calculate the remainder when 79 is divided by 14.
9
Calculate the remainder when 674 is divided by 26.
24
Calculate the remainder when 1317 is divided by 20.
17
Calculate the remainder when 536 is divided by 34.
26
Calculate the remainder when 16295 is divided by 29.
26
Calculate the remainder when 224 is divided by 10.
4
Calculate the remainder when 50 is divided by 4.
2
Calculate the remainder when 2515 is divided by 37.
36
Calculate the remainder when 4642 is divided by 132.
22
What is the remainder when 63 is divided by 35?
28
What is the remainder when 5401 is divided by 14?
11
Calculate the remainder when 1941 is divided by 72.
69
What is the remainder when 721 is divided by 55?
6
What is the remainder when 38 is divided by 6?
2
Calculate the remainder when 39 is divided by 25.
14
What is the remainder when 1078 is divided by 6?
4
Calculate the remainder when 814 is divided by 68.
66
Calculate the remainder when 107 is divided by 24.
11
What is the remainder when 42 is divided by 15?
12
Calculate the remainder when 3997 is divided by 16.
13
What is the remainder when 182 is divided by 40?
22
Calculate the remainder when 24 is divided by 11.
2
What is the remainder when 111 is divided by 26?
7
Calculate the remainder when 95 is divided by 2.
1
What is the remainder when 3158 is divided by 40?
38
Calculate the remainder when 491 is divided by 83.
76
What is the remainder when 34 is divided by 7?
6
What is the remainder when 2353 is divided by 391?
7
Calculate the remainder when 116 is divided by 9.
8
What is the remainder when 400 is divided by 3?
1
Calculate the remainder when 769 is divided by 52.
41
Calculate the remainder when 2155 is divided by 44.
43
What is the remainder when 67 is divided by 41?
26
Calculate the remainder when 3386 is divided by 9.
2
What is the remainder when 681 is divided by 38?
35
Calculate the remainder when 960 is divided by 31.
30
Calculate the remainder when 63 is divided by 9.
0
Calculate the remainder when 2514 is divided by 149.
130
Calculate the remainder when 407 is divided by 27.
2
Calculate the remainder when 999 is divided by 323.
30
Calculate the remainder when 240 is divided by 64.
48
Calculate the remainder when 142 is divided by 117.
25
Calculate the remainder when 223 is divided by 12.
7
What is the remainder when 196 is divided by 12?
4
Calculate the remainder when 331 is divided by 4.
3
What is the remainder when 36 is divided by 10?
6
Calculate the remainder when 3175 is divided by 53.
48
What is the remainder when 3280 is divided by 1638?
4
What is the remainder when 181 is divided by 3?
1
Calculate the remainder when 220 is divided by 13.
12
Calculate the remainder when 1362 is divided by 1340.
22
What is the remainder when 226 is divided by 225?
1
Calculate the remainder when 837 is divided by 26.
5
What is the remainder when 570 is divided by 351?
219
What is the remainder when 639 is divided by 208?
15
Calculate the remainder when 10713 is divided by 20.
13
Calculate the remai